{"id":2479,"date":"2025-01-16T11:25:47","date_gmt":"2025-01-16T14:25:47","guid":{"rendered":"https:\/\/originaisdechicoxavier.com.br\/?page_id=2479"},"modified":"2025-01-16T11:26:59","modified_gmt":"2025-01-16T14:26:59","slug":"sementeira-de-paz","status":"publish","type":"page","link":"https:\/\/originaisdechicoxavier.com.br\/?page_id=2479","title":{"rendered":"Sementeira de Paz"},"content":{"rendered":"\n<ul class=\"lcp_catlist\" id=\"lcp_instance_0\"><li><a href=\"https:\/\/originaisdechicoxavier.com.br\/?p=2554\">\u00c9 necess\u00e1rio aproveitar a primavera, meus caros netos<\/a>  1948-12-29<\/li><li><a href=\"https:\/\/originaisdechicoxavier.com.br\/?p=2509\">Andr\u00e9 Luiz<\/a>  1948-10-27<\/li><li><a href=\"https:\/\/originaisdechicoxavier.com.br\/?p=2488\">A solid\u00e3o \u00e9 \u00fatil \u00e0 prece<\/a>  1948-09-08<\/li><li><a href=\"https:\/\/originaisdechicoxavier.com.br\/?p=2493\">O corpo \u00e9 vaso precioso<\/a>  1948-09-01<\/li><li><a href=\"https:\/\/originaisdechicoxavier.com.br\/?p=2536\">O acervo de nossas comunica\u00e7\u00f5es<\/a>  1948-08-18<\/li><li><a href=\"https:\/\/originaisdechicoxavier.com.br\/?p=2530\">Not\u00edcia dos livros<\/a>  1948-08-12<\/li><li><a href=\"https:\/\/originaisdechicoxavier.com.br\/?p=2515\">Batalha pac\u00edfica<\/a>  1948-08-04<\/li><li><a href=\"https:\/\/originaisdechicoxavier.com.br\/?p=2508\">A cera isolante<\/a>  1948-07-28<\/li><li><a href=\"https:\/\/originaisdechicoxavier.com.br\/?p=2510\">Dolorosa \u00e9 a caminhada na dire\u00e7\u00e3o da tarde&#8230;<\/a>  1948-07-07<\/li><li><a href=\"https:\/\/originaisdechicoxavier.com.br\/?p=2494\">Enfrentar certas lutas com sorriso<\/a>  1948-07-02<\/li><li><a href=\"https:\/\/originaisdechicoxavier.com.br\/?p=2498\">A preven\u00e7\u00e3o \u00e9 base da cura<\/a>  1948-06-23<\/li><li><a href=\"https:\/\/originaisdechicoxavier.com.br\/?p=2514\">Interc\u00e2mbio afetuoso<\/a>  1948-06-16<\/li><li><a href=\"https:\/\/originaisdechicoxavier.com.br\/?p=2506\">Nossos esp\u00edritos entrela\u00e7ados na mesma f\u00e9<\/a>  1948-05-26<\/li><li><a href=\"https:\/\/originaisdechicoxavier.com.br\/?p=2534\">Na v\u00e9spera da partida para Uberaba<\/a>  1948-04-28<\/li><li><a href=\"https:\/\/originaisdechicoxavier.com.br\/?p=2483\">Uma janelinha aberta para a Eternidade<\/a>  1948-04-22<\/li><li><a href=\"https:\/\/originaisdechicoxavier.com.br\/?p=2502\">Trabalho em favor dos cegos no Brasil<\/a>  1948-04-14<\/li><li><a href=\"https:\/\/originaisdechicoxavier.com.br\/?p=2516\">Se ele orasse<\/a>  1948-03-31<\/li><li><a href=\"https:\/\/originaisdechicoxavier.com.br\/?p=2526\">A vida n\u00e3o \u00e9 para ser gozada<\/a>  1948-03-24<\/li><li><a href=\"https:\/\/originaisdechicoxavier.com.br\/?p=2495\">Nas lutas espirituais de quase tr\u00eas lustros<\/a>  1948-03-17<\/li><li><a href=\"https:\/\/originaisdechicoxavier.com.br\/?p=2529\">Refer\u00eancia a um acidente<\/a>  1948-03-10<\/li><li><a href=\"https:\/\/originaisdechicoxavier.com.br\/?p=2490\">A vida na express\u00e3o de eternidade<\/a>  1948-03-03<\/li><li><a href=\"https:\/\/originaisdechicoxavier.com.br\/?p=2541\">Lutas mentais<\/a>  1948-02-25<\/li><li><a href=\"https:\/\/originaisdechicoxavier.com.br\/?p=2487\">A ora\u00e7\u00e3o \u00e9 alimento divino<\/a>  1948-02-18<\/li><li><a href=\"https:\/\/originaisdechicoxavier.com.br\/?p=2499\">Anivers\u00e1rio da Fazenda<\/a>  1948-02-04<\/li><li><a href=\"https:\/\/originaisdechicoxavier.com.br\/?p=2505\">Novo rebento na \u00e1rvore dom\u00e9stica<\/a>  1948-01-28<\/li><li><a href=\"https:\/\/originaisdechicoxavier.com.br\/?p=2485\">Aben\u00e7oados movimentos de 1947<\/a>  1948-01-21<\/li><li><a href=\"https:\/\/originaisdechicoxavier.com.br\/?p=2489\">A vida \u00e9 uma cole\u00e7\u00e3o de exist\u00eancias sucessivas<\/a>  1948-01-07<\/li><li><a href=\"https:\/\/originaisdechicoxavier.com.br\/?p=2180\">Novamente no lar<\/a>  1947-12-31<\/li><li><a href=\"https:\/\/originaisdechicoxavier.com.br\/?p=2171\">Na festa do Professor<\/a>  1947-12-14<\/li><li><a href=\"https:\/\/originaisdechicoxavier.com.br\/?p=2197\">Festejando o anivers\u00e1rio do irm\u00e3o Arthur<\/a>  1947-12-14<\/li><li><a href=\"https:\/\/originaisdechicoxavier.com.br\/?p=2182\">Mensagem \u00e0s filhas<\/a>  1947-11-01<\/li><li><a href=\"https:\/\/originaisdechicoxavier.com.br\/?p=2196\">Irei pessoalmente na m\u00e1quina em que al\u00e7arem v\u00f4o<\/a>  1947-10-21<\/li><li><a href=\"https:\/\/originaisdechicoxavier.com.br\/?p=2175\">Perspectivas de uma viagem prov\u00e1vel<\/a>  1947-10-15<\/li><li><a href=\"https:\/\/originaisdechicoxavier.com.br\/?p=2192\">No Mundo Maior<\/a>  1947-10-08<\/li><li><a href=\"https:\/\/originaisdechicoxavier.com.br\/?p=2208\">Quem mais aproveita \u00e9 aquele que &#8230;<\/a>  1947-10-01<\/li><li><a href=\"https:\/\/originaisdechicoxavier.com.br\/?p=2170\">As horas dedicadas aos amigos<\/a>  1947-09-17<\/li><li><a href=\"https:\/\/originaisdechicoxavier.com.br\/?p=2176\">N\u00e3o esquecemos a alegria s\u00e3<\/a>  1947-09-03<\/li><li><a href=\"https:\/\/originaisdechicoxavier.com.br\/?p=2167\">\u00daltima quarta-feira 27 do ano<\/a>  1947-08-27<\/li><li><a href=\"https:\/\/originaisdechicoxavier.com.br\/?p=2209\">Cada qual de n\u00f3s tem um campo a semear<\/a>  1947-08-06<\/li><li><a href=\"https:\/\/originaisdechicoxavier.com.br\/?p=2211\">Uma guerra desequilibra a exist\u00eancia coletiva<\/a>  1947-07-23<\/li><li><a href=\"https:\/\/originaisdechicoxavier.com.br\/?p=2187\">\u00c9 na mocidade que o homem semeia<\/a>  1947-07-16<\/li><li><a href=\"https:\/\/originaisdechicoxavier.com.br\/?p=2172\">Lembrando quem tantas b\u00ean\u00e7\u00e3os tem espalhado<\/a>  1947-06-25<\/li><li><a href=\"https:\/\/originaisdechicoxavier.com.br\/?p=2169\">Mais um posto educativo<\/a>  1947-06-11<\/li><li><a href=\"https:\/\/originaisdechicoxavier.com.br\/?p=2193\">Tenho estado aqui sempre<\/a>  1947-06-04<\/li><li><a href=\"https:\/\/originaisdechicoxavier.com.br\/?p=2195\">O altar dom\u00e9stico<\/a>  1947-05-21<\/li><li><a href=\"https:\/\/originaisdechicoxavier.com.br\/?p=2186\">Vejo as flores do nosso santu\u00e1rio<\/a>  1947-05-14<\/li><li><a href=\"https:\/\/originaisdechicoxavier.com.br\/?p=2210\">Cultuemos o dever, dia a dia<\/a>  1947-04-23<\/li><li><a href=\"https:\/\/originaisdechicoxavier.com.br\/?p=2184\">Somente a ora\u00e7\u00e3o \u00e9 claridade<\/a>  1947-04-16<\/li><li><a href=\"https:\/\/originaisdechicoxavier.com.br\/?p=2205\">O nosso caro amigo M\u00e1rio Carneiro<\/a>  1947-04-09<\/li><li><a href=\"https:\/\/originaisdechicoxavier.com.br\/?p=2199\">O m\u00e9rito da continuidade \u00e9 sempre leg\u00edtimo<\/a>  1947-04-01<\/li><li><a href=\"https:\/\/originaisdechicoxavier.com.br\/?p=2174\">A pesquisa da criatura \u00e9 incessante<\/a>  1947-03-26<\/li><li><a href=\"https:\/\/originaisdechicoxavier.com.br\/?p=2173\">N\u00e3o me alongarei muito<\/a>  1947-03-19<\/li><li><a href=\"https:\/\/originaisdechicoxavier.com.br\/?p=2179\">O \u00eaxito do Roberto<\/a>  1947-03-12<\/li><li><a href=\"https:\/\/originaisdechicoxavier.com.br\/?p=2194\">Nosso companheiro curvelano<\/a>  1947-02-12<\/li><li><a href=\"https:\/\/originaisdechicoxavier.com.br\/?p=2181\">Meu caro Roberto<\/a>  1947-01-22<\/li><li><a href=\"https:\/\/originaisdechicoxavier.com.br\/?p=2168\">Salmo 32<\/a>  1947-01-08<\/li><li><a href=\"https:\/\/originaisdechicoxavier.com.br\/?p=2191\">Iniciando o ano novo<\/a>  1947-01-01<\/li><li><a href=\"https:\/\/originaisdechicoxavier.com.br\/?p=1881\">Sinta-me ao seu lado e vamos agir<\/a>  1946-12-20<\/li><li><a href=\"https:\/\/originaisdechicoxavier.com.br\/?p=1860\">O salmo 1\u00b0<\/a>  1946-12-18<\/li><li><a href=\"https:\/\/originaisdechicoxavier.com.br\/?p=1880\">Sauda\u00e7\u00e3o de Jo\u00e3o de Barro<\/a>  1946-12-14<\/li><li><a href=\"https:\/\/originaisdechicoxavier.com.br\/?p=1875\">Flores do cora\u00e7\u00e3o<\/a>  1946-12-14<\/li><li><a href=\"https:\/\/originaisdechicoxavier.com.br\/?p=1877\">Magnetismo curador<\/a>  1946-12-11<\/li><li><a href=\"https:\/\/originaisdechicoxavier.com.br\/?p=1840\">No altar dom\u00e9stico<\/a>  1946-10-30<\/li><li><a href=\"https:\/\/originaisdechicoxavier.com.br\/?p=1846\">J\u00e1 descobrimos a porta das ovelhas<\/a>  1946-10-09<\/li><li><a href=\"https:\/\/originaisdechicoxavier.com.br\/?p=1863\">Aben\u00e7oadas horas<\/a>  1946-10-02<\/li><li><a href=\"https:\/\/originaisdechicoxavier.com.br\/?p=1885\">A casa sobre a rocha<\/a>  1946-09-25<\/li><li><a href=\"https:\/\/originaisdechicoxavier.com.br\/?p=1866\">O trabalho espiritual n\u00e3o se interrompe<\/a>  1946-09-11<\/li><li><a href=\"https:\/\/originaisdechicoxavier.com.br\/?p=1871\">Deus nos aben\u00e7oe os prop\u00f3sitos de servir<\/a>  1946-08-20<\/li><li><a href=\"https:\/\/originaisdechicoxavier.com.br\/?p=1873\">Um jovem procurou um mestre<\/a>  1946-08-14<\/li><li><a href=\"https:\/\/originaisdechicoxavier.com.br\/?p=1845\">Filha querida, sustent\u00e1culo do cora\u00e7\u00e3o<\/a>  1946-08-07<\/li><li><a href=\"https:\/\/originaisdechicoxavier.com.br\/?p=1855\">Fluidos do lar<\/a>  1946-07-31<\/li><li><a href=\"https:\/\/originaisdechicoxavier.com.br\/?p=1852\">Assuntos referentes \u00e0 Eternidade<\/a>  1946-07-24<\/li><li><a href=\"https:\/\/originaisdechicoxavier.com.br\/?p=1886\">Resultados do culto evang\u00e9lico<\/a>  1946-07-10<\/li><li><a href=\"https:\/\/originaisdechicoxavier.com.br\/?p=1839\">Fortaleza da ora\u00e7\u00e3o<\/a>  1946-07-03<\/li><li><a href=\"https:\/\/originaisdechicoxavier.com.br\/?p=1851\">O nosso amigo Jo\u00e3o de Deus Mac\u00e1rio<\/a>  1946-06-19<\/li><li><a href=\"https:\/\/originaisdechicoxavier.com.br\/?p=1822\">Ao Roberto<\/a>  1946-06-12<\/li><li><a href=\"https:\/\/originaisdechicoxavier.com.br\/?p=1884\">A luta na Terra \u00e9 sempre grande<\/a>  1946-06-05<\/li><li><a href=\"https:\/\/originaisdechicoxavier.com.br\/?p=1834\">Novos quadros de trabalho<\/a>  1946-05-29<\/li><li><a href=\"https:\/\/originaisdechicoxavier.com.br\/?p=1836\">Espiritualismo na Inglaterra&#8230;<\/a>  1946-05-22<\/li><li><a href=\"https:\/\/originaisdechicoxavier.com.br\/?p=1841\">O aproveitamento de uma viagem<\/a>  1946-05-08<\/li><li><a href=\"https:\/\/originaisdechicoxavier.com.br\/?p=1887\">Sobre a viagem pr\u00f3xima<\/a>  1946-04-10<\/li><li><a href=\"https:\/\/originaisdechicoxavier.com.br\/?p=1867\">Votos de alegria<\/a>  1946-03-20<\/li><li><a href=\"https:\/\/originaisdechicoxavier.com.br\/?p=1833\">Algumas palavras ao Roberto<\/a>  1946-03-13<\/li><li><a href=\"https:\/\/originaisdechicoxavier.com.br\/?p=1832\">Mais um vinte e sete mensal<\/a>  1946-02-27<\/li><li><a href=\"https:\/\/originaisdechicoxavier.com.br\/?p=1854\">A obra espiritualizante e a constru\u00e7\u00e3o material<\/a>  1946-02-20<\/li><li><a href=\"https:\/\/originaisdechicoxavier.com.br\/?p=1826\">Sal\u00e1rio invis\u00edvel<\/a>  1946-02-11<\/li><li><a href=\"https:\/\/originaisdechicoxavier.com.br\/?p=1853\">A quest\u00e3o educativa<\/a>  1946-02-06<\/li><li><a href=\"https:\/\/originaisdechicoxavier.com.br\/?p=1835\">O ref\u00fagio da ora\u00e7\u00e3o<\/a>  1946-01-30<\/li><li><a href=\"https:\/\/originaisdechicoxavier.com.br\/?p=1825\">Siga para a frente<\/a>  1946-01-23<\/li><li><a href=\"https:\/\/originaisdechicoxavier.com.br\/?p=1847\">A boa consci\u00eancia \u00e9 o tesouro melhor<\/a>  1946-01-16<\/li><li><a href=\"https:\/\/originaisdechicoxavier.com.br\/?p=1820\">Carta \u00e0 Maria<\/a>  1946-01-09<\/li><li><a href=\"https:\/\/originaisdechicoxavier.com.br\/?p=1823\">Um ano novo \u00e9 sempre nova d\u00e1diva de Deus<\/a>  1946-01-02<\/li><\/ul>\n","protected":false},"excerpt":{"rendered":"","protected":false},"author":2,"featured_media":0,"parent":0,"menu_order":0,"comment_status":"closed","ping_status":"closed","template":"","meta":{"footnotes":""},"class_list":["post-2479","page","type-page","status-publish","hentry"],"_links":{"self":[{"href":"https:\/\/originaisdechicoxavier.com.br\/index.php?rest_route=\/wp\/v2\/pages\/2479","targetHints":{"allow":["GET"]}}],"collection":[{"href":"https:\/\/originaisdechicoxavier.com.br\/index.php?rest_route=\/wp\/v2\/pages"}],"about":[{"href":"https:\/\/originaisdechicoxavier.com.br\/index.php?rest_route=\/wp\/v2\/types\/page"}],"author":[{"embeddable":true,"href":"https:\/\/originaisdechicoxavier.com.br\/index.php?rest_route=\/wp\/v2\/users\/2"}],"replies":[{"embeddable":true,"href":"https:\/\/originaisdechicoxavier.com.br\/index.php?rest_route=%2Fwp%2Fv2%2Fcomments&post=2479"}],"version-history":[{"count":1,"href":"https:\/\/originaisdechicoxavier.com.br\/index.php?rest_route=\/wp\/v2\/pages\/2479\/revisions"}],"predecessor-version":[{"id":2480,"href":"https:\/\/originaisdechicoxavier.com.br\/index.php?rest_route=\/wp\/v2\/pages\/2479\/revisions\/2480"}],"wp:attachment":[{"href":"https:\/\/originaisdechicoxavier.com.br\/index.php?rest_route=%2Fwp%2Fv2%2Fmedia&parent=2479"}],"curies":[{"name":"wp","href":"https:\/\/api.w.org\/{rel}","templated":true}]}}